*-15. Let y be (((-20)/(-12))/(-5))/((-3)/c). Is (y + 0)/((6/2830)/3) a prime number?
False
Let p(x) = 366*x**3 - 7*x**2 - 61*x + 363. Is p(7) composite?
False
Suppose 2275 = -3*p - 722. Let g = p + 1720. Is g composite?
True
Let d = 38010 - -134312. Is d a composite number?
True
Let x(a) = 564*a**3 + 5*a**2 + 15. Is x(4) a composite number?
False
Let b(c) = 235*c + 17. Let w be b(6). Suppose -4*v = 3*g + 216 - 2147, -2*g = -3*v + w. Is v prime?
True
Let k = -1227 - -1873. Let l = k - 287. Is l a composite number?
False
Let u be -2 - 40400/(25/(-5)). Suppose 0 = -2*y - 3160 + u. Is y a composite number?
False
Suppose 2*m = -4*z + 18576, 0 = -3*m + 5*m - 4*z - 18576. Suppose 2*b + 3*g - m - 1090 = 0, -5*b = g - 25971. Is b a prime number?
False
Suppose 220980 = -5*z - 3*t + 845276, z - 124867 = 2*t. Is z a composite number?
True
Suppose -5*y = -4*t + 159, -3*t - 2*y = 2*y - 158. Suppose 294*d + t = 296*d. Is 9407/d + 0/(2 - 1) composite?
False
Suppose -18*w + 3307533 = -2658700 - 1192241. Is w a prime number?
False
Let r(z) = 108541*z - 3557. Is r(8) prime?
False
Let c be (-75)/(-30)*(-4)/(-10)*2102. Suppose -3*j = -3*v + 1575, -4*v + 3*j = -2*j - c. Suppose 5*p + 2*y = v + 74, 0 = 2*p - 4*y - 258. Is p a prime number?
False
Let q(a) be the second derivative of 0 - 55/2*a**2 + 145/3*a**3 + 23*a. Is q(13) prime?
False
Suppose -5*k + 4*d = -2079481, -d = -2*k - 236157 + 1067953. Is k composite?
False
Suppose -279142 = 119*h - 121*h. Is h a composite number?
False
Let y = 39 - 29. Suppose y*o - 13264 = 11276. Let d = 5221 - o. Is d a prime number?
True
Suppose 19*n + 36*n - 13348934 = 18*n. Is n a composite number?
True
Let x(h) = -102*h**3 - 6*h**2 + 4*h - 187. Is x(-12) a composite number?
True
Suppose -4*y = 5*l - 321172, 3*y + 67115 = -4*l + 307994. Is y a prime number?
False
Suppose 3*b - 19341 = -2*z, 4*z = -b + 5722 + 735. Is b a prime number?
False
Is 30/(-24) + ((-1302867)/(-10))/((-24)/(-20)) a composite number?
False
Let q(f) = -f - 1. Let g(h) = 214*h - 6. Let s(p) = g(p) - 3*q(p). Is s(8) a prime number?
True
Let l(p) = -p**3 + 101*p**2 - 50*p - 1063. Is l(99) composite?
True
Suppose -13 = -3*t - 7. Suppose -5*m - t*x = -47642 + 2355, -3*m - 3*x = -27165. Is m prime?
True
Suppose 2*l - 3*r + 1331 = 0, 2*l - 1301 = 4*l + 3*r. Is (l/(-6))/((-19)/(-57)) a composite number?
True
Suppose 1648*y = 1748*y - 32757100. Is y prime?
True
Let q(f) = 5 - 22*f**2 + 0*f + f + 106*f**2. Let i be q(-3). Let d = 1169 - i. Is d composite?
True
Suppose -3*w = y - 49 - 10, 0 = -w + 3*y + 23. Let x be w*((-5)/(-52) - (-2)/13). Is 444 + 4 + 3/(4 - x) prime?
False
Let m be ((-2)/8)/(81/972). Let n(j) = -19*j + 2. Let k(l) = -19*l + 2. Let d(a) = -6*k(a) + 7*n(a). Is d(m) a composite number?
False
Let m = 89735 - -259964. Is m prime?
False
Suppose -35*x = -111*x + 6238004. Is x composite?
True
Let v(y) = 2962*y - 1393. Is v(3) prime?
False
Suppose 2*b = 6, -b + 2*b = -5*o + 108. Suppose 16*k - o*k + 12135 = 0. Is k a composite number?
True
Let b = 345320 - 177861. Is b prime?
False
Suppose 5*j + 48 = 3*j. Let c be ((-12)/j)/((-1)/(-858)) - 0. Let d = 490 + c. Is d prime?
True
Suppose -2*s + 193566 = -5*b, -10*b - 96779 = -s - 7*b. Is s prime?
False
Let x(c) = -4*c**3 + c**2 - 20*c - 29. Let l be x(-12). Suppose -l = -3*o + 5066. Is o composite?
False
Let j be (-9708)/24 - 1/(-2). Let l = -453 + 1626. Let a = l + j. Is a a prime number?
True
Let y be 2 + 1 + 4590 + -5. Suppose 30*b = 26*b + y. Is b a prime number?
False
Suppose -3*b = -21*b + 619416. Suppose 10*r - 16008 = b. Is r a composite number?
True
Let p(u) = -2071*u - 2058. Is p(-35) a composite number?
True
Let q = -3687 - -1012. Let y = 4832 + q. Is y a composite number?
True
Let v be 58 + -23 - (-1 + -1). Is 372 + v + 0*1/2 a composite number?
False
Suppose 4*j - 612 = -0*j. Let x = 337 - j. Suppose 2*h - x + 2 = 3*n, 0 = -5*h + 5*n + 465. Is h a composite number?
False
Let a(s) = s**3 - 18*s**2 - 19*s + 13. Let y be a(19). Suppose 0 = j + l + 6, -3*j + 0 - y = 4*l. Let f(p) = -2*p**2 - 27*p - 2. Is f(j) a prime number?
True
Suppose -y = -48 + 14. Let b = y + -16. Suppose 0 = 22*q - b*q - 564. Is q a composite number?
True
Let r = 90 + -89. Is (1361 - r) + (-3 - (-16)/4) a composite number?
False
Suppose -3*v - 80698 = -2*j, -1239*j + 4*v - 201699 = -1244*j. Is j composite?
False
Suppose 0 = -621*c + 775*c - 123818618. Is c prime?
True
Let u(f) = 421*f**3 - 6*f**2 - 13*f + 54. Let m be u(3). Suppose -2*o + m = -33610. Is o composite?
False
Let q be 0*(-5 - (2 + -6 - 0)). Suppose 207724 = 44*h - q*h. Is h prime?
True
Let z be -4391*(13/(-91) + 16/14). Let c = z + 639. Is (-12)/(-20) - c/5 prime?
True
Let c = 215741 - 56178. Is c a prime number?
True
Suppose 3*s - 1056 = -3*z, -z - 2*z + 9 = 0. Suppose 6 = 3*o + o - 3*n, o = -n - 2. Suppose o = -2*h + 5*h - 2*u - s, 3*h + 3*u - 369 = 0. Is h prime?
False
Let b(k) = 5*k - 21. Let a be b(5). Suppose -1 = -2*l + l, -2*j + a*l + 4 = 0. Suppose -j*n = 5*o - 1320, n + 1667 = 6*n + 2*o. Is n a composite number?
True
Suppose 3*q - 23082 - 4737 = 3*a, 3*a = -3*q + 27813. Let r = 16461 + q. Is r composite?
False
Let b(w) = -w**3 + 84*w**2 - 305*w + 167. Is b(76) a composite number?
True
Is (20845/(-9) + 14)*-9 a composite number?
False
Let j(l) = l**3 + 27*l**2 + 32*l - 21. Let b be j(-25). Suppose 0 = -z - 2*u - u - b, -2*z - 860 = 5*u. Let o = 254 - z. Is o a composite number?
True
Let n(g) = 2305*g**2 - 403*g + 65. Is n(16) composite?
False
Let k = 95 + -3. Is (-46)/k - (-11583)/2 prime?
True
Suppose 0 = 23*z - 29*z + 18. Suppose z*s + 3*s = 12. Suppose d + 2*m - 2213 = 0, -5*d + m + s*m + 11000 = 0. Is d prime?
True
Let s(j) = 72*j**2 + 5*j - 3. Let d(q) = -q**2 - 21*q - 36. Let m be d(-19). Let v be s(m). Is v/2 + 2 - 1/2 prime?
True
Let u = 331 + -626. Let i = u - -434. Is i a composite number?
False
Let u be 0 + (3096/(-90))/(2/(-610)). Let c = -5985 + u. Is c composite?
False
Let o be 1/2*53 + (-1)/2. Let r = -2506 + 3554. Suppose r = -22*w + o*w. Is w a prime number?
False
Suppose -2*y = 3*n - 33, 73 - 10 = 5*y + n. Let t = y + -15. Is t/7 + (-6729)/(-21) - -3 a prime number?
False
Let h(s) be the third derivative of 0*s + 8/3*s**3 + 26*s**2 - 29/4*s**4 + 0. Is h(-5) composite?
True
Suppose -4*u + 2071086 = 33*g - 27*g, -3*g + 9 = 0. Is u a composite number?
True
Suppose -3*q - 1524 = -4*q + 5*k, -5*q = 2*k - 7539. Suppose 3*z - d - 6390 = q, -3*z = -5*d - 7899. Is z a composite number?
False
Let v(w) = 8*w**2 + 2*w - 1. Let x be v(-2). Let j = 67 - x. Is 8/10*119 - 8/j a prime number?
False
Suppose -4*r + 43 = -q, 5*r - q - 5 - 50 = 0. Suppose 3*t = -4*y + 21319, r*t - 3*y = 7*t + 35551. Is t a composite number?
False
Let h be 45/21 + 1/(-7). Is 487*h + (-245)/35 a prime number?
True
Suppose 13 = 2*m - 3*y, -3*m = y - 4*y - 18. Suppose 0*f + m*f - 3 = -d, 3 = d. Suppose 0*p = p + n - 728, -2*p + 2*n + 1468 = f. Is p a prime number?
False
Let r = 3454070 + -2057173. Is r a prime number?
False
Let v(y) be the second derivative of y**4 + 19*y**3/6 - 7*y**2/2 - 60*y. Is v(11) a composite number?
True
Let z = 192370 + -116457. Is z a composite number?
False
Let j(y) = 13*y - 34. Let b be j(-6). Is 7/(b/17132)*-4 composite?
False
Let c = -89 - -92. Suppose -7795 = -c*s - 5*u, 3*s - u - 3433 - 4386 = 0. Is s a prime number?
False
Suppose -16*y - 470611 = -35*y. Suppose 0 = -6*q + 11177 + y. Is q a prime number?
False
Let j(h) = 16*h + 132. Let s be j(-8). Suppose 547 = b - s*a - 612, -5765 = -5*b + 5*a. Is b prime?
True
Let o = 96264 + -8371. Is o a prime number?
False
Let o = -7 + -21. Let m = o - -32. Suppose -4161 = -m*v + v + 4*p, 2*v = -p + 2785. Is v a prime number?
False
Let d(i) = -31*i - 7*i**3 - 16 + 4*i**3 + 10*i + 7*i**2 + 6*i**2. Is d(-9) a prime number?
True
Suppose 19*k = 24*k - 15. Suppose 1030 + 1315 = 4*z - k*r, -3*z + 5*r = -1756. Is z composite?
False
Suppose 4*v - 3*s - 84747 = 23056, 5*s + 80866 = 3*v. Is v a prime number?
True
Suppose 12*t + 199888 = 20*t. Suppose 0*q + q + t = 4*g, 2*q = -4*g + 24992. Is g composite?
False
Let z(a) = 32*a**3 + 2*a**2 + 8*a - 19. Let i be z(3). Is 6 + i + ((-4)/2 - 2) prime?
False
Let n(z) = 1078*z + 15. Let c = -130 + 134. Is n(c) a prime number?
True
Let q = 5503 + 106. Is q prime?
False
Let m(d